k + 842 - 224, -5*v + 189 = k. Let n = k + -17. What is the highest common factor of p and n?
17
Suppose -2*r + 81 = -55. Let v = r + -63. Suppose -v*t - 5*o + 55 = 0, 0*t + 31 = 2*t - o. Calculate the greatest common divisor of 14 and t.
14
Let x(t) = 22*t**3 - 17*t**2 + 11*t + 26. Let q be x(6). Calculate the greatest common divisor of q and 8.
8
Let q = -748 + 823. Calculate the greatest common divisor of q and 2160.
15
Let i = -588 + 880. Let q = i + -234. What is the highest common factor of 1102 and q?
58
Suppose 1 = 7*z - 20. Let k be z*14/6*5. Suppose 0 = -3*i + 22 + k. Calculate the highest common divisor of 19 and i.
19
Suppose -220 = -2*r - 9*r. Let t(j) = 2*j - 28. Let h be t(14). Suppose h = 5*k - 7*k + 360. What is the greatest common factor of r and k?
20
Suppose 1347 = 5*d + 4*k - 5*k, -3*k = -5*d + 1341. Let p be d/21 - 7/(-49). Calculate the greatest common divisor of p and 13.
13
Let l(q) = -279*q - 2209. Let s be l(-8). Calculate the highest common factor of s and 989.
23
Let q = -70 - -256. Let i be q/12 - 2/4. Let u(y) = -y**2 - 12*y - 5. Let t be u(-11). What is the greatest common factor of i and t?
3
Let i(c) = -6*c - 88. Let f be i(-20). Suppose -8*s + f = -272. Calculate the highest common factor of 304 and s.
38
Let c be (-7)/(-1) + 10 + 358. Calculate the highest common divisor of c and 2025.
75
Let k(z) = 3*z**2 - 27*z + 68. Let u be k(3). What is the greatest common divisor of 5 and u?
1
Suppose 5*u + 10 = r, -4*r + 3*u - 132 = -8*r. Suppose -20*m + 22*m - r = 0. Let i = 25 - -50. What is the highest common factor of i and m?
15
Suppose -2*x - 110*x + 495215 = -1972705. What is the greatest common factor of x and 113?
113
Suppose z - 66 = -5*p, 0 = 23*p - 28*p - 4*z + 84. What is the highest common divisor of 54 and p?
6
Let c(m) = -83*m - 13738. Let x be c(-174). What is the highest common factor of 286 and x?
22
Let k(w) = 20*w - 322*w**2 + 346*w**2 + 4 - 21*w. Let p be k(2). Calculate the highest common divisor of p and 14.
14
Let o be 0 + -4 + (-8 + -3)/(-1). Let w(s) = 4 - 4 - o*s + 1 + 4*s**2 + 8. Let d be w(3). Calculate the highest common divisor of 120 and d.
24
Suppose -4*m = 2*h - 28, -9*m - 3*h = -10*m + 14. Let g(t) = 7*t + 8. Let i be g(0). What is the greatest common factor of i and m?
8
Let x(n) = n**2 - 7*n + 11. Let y be x(4). Let z be (y - -5)*51/2. What is the highest common factor of 34 and z?
34
Let c be 1*(-1 + 0) - -71. Let z = -5 - 3. Let t be 322/115*((1 - z) + 1). Calculate the highest common factor of c and t.
14
Let m(c) = -c**3 - 12*c**2 + c - 30. Let w be m(-13). Let g(v) = -88*v - 120. Let n be g(-2). Calculate the highest common factor of n and w.
14
Suppose -5 = 9*i - 8*i, 0 = -m - 2*i + 23. What is the highest common factor of 8646 and m?
33
Let q(v) = -19*v**3 - v**2 + v + 1. Let z be q(-1). Suppose -2*p = 30*p + 1664. Let n be 3/(26/p - 5/(-6)). What is the highest common factor of z and n?
9
Suppose 112*p - 109*p = 4*c - 598, 5*c + p - 738 = 0. What is the greatest common divisor of 128 and c?
4
Let v(g) = -644*g**3 - g**2 + g - 1. Let w be v(-2). What is the greatest common divisor of w and 315?
105
Suppose 2813 = 3*o + 5*s, 67*o - 62*o + 5*s = 4685. Calculate the greatest common divisor of 1144 and o.
104
Suppose -395*k = -389*k - 18. Suppose -2*g - 2*j + 474 = 0, -g = -k*j - 75 - 174. What is the greatest common divisor of g and 8?
8
Suppose 2*r = 4 + 2. Let n be (18/(-8))/(r/(-8)). Suppose k - 3*w - 24 = 0, 162 = 2*k + w + 156. Calculate the greatest common divisor of n and k.
6
Let g be -4*(168/(-70))/(1/5). Calculate the greatest common factor of g and 824.
8
Let i = -490 - -905. Calculate the highest common divisor of i and 5.
5
Let y be (-264)/(-216) - (-4)/(-18). Let u be (22 - 119)/(1/2*-2). Let o = u + -86. Calculate the greatest common factor of o and y.
1
Suppose -4*m - 20 = 0, -5*l + m = -0*l - 50. Let t be l*(-3)/(36/(-68)). Let a(o) = -11*o - 10. Let z be a(-4). What is the highest common divisor of z and t?
17
Suppose 4*x - a - 2929 = 708, x = 5*a + 895. Calculate the greatest common factor of x and 520.
130
Let r = -178 - -358. Let y be (r/100)/(3/20). Calculate the highest common factor of 36 and y.
12
Let b be (-4)/(-34) + (-660)/(-170) + 5. Let g(f) = f**3 + f**2 - f - 6. Let r be g(3). Calculate the highest common factor of b and r.
9
Let h(s) = 26*s - 1426. Let f be h(56). What is the greatest common divisor of f and 690?
30
Let a = -19 + 41. Let j(r) = 1 + 0 + a*r - 32*r - 7. Let s be j(-3). What is the highest common divisor of s and 36?
12
Let z = 28144 + -28118. Calculate the highest common divisor of 15067 and z.
13
Let m = 1277 + -705. Let g = 717 - m. Calculate the highest common divisor of 10 and g.
5
Suppose -l + 6 = -4. Suppose y = -5, i - l*y - 105 = -11*y. What is the highest common divisor of i and 30?
10
Let w = 20 - 26. Let m be w*4/(-10)*5. Let b be (740/15)/(8/m). What is the highest common divisor of b and 111?
37
Let j be 1/2*(1 + 9). Let p be ((-3)/(-9))/(97/3201). What is the greatest common divisor of p and j?
1
Suppose 10250 = -24*j + 122. Let z = 431 + j. Calculate the highest common factor of 603 and z.
9
Let j(r) = 24*r + 85. Let s be j(18). Suppose 5*w + 610 = 3*b, -w = -2*b - 115 + s. What is the greatest common factor of b and 8?
8
Let r = 341 + -341. Suppose 3*b - 19*b + 1008 = r. What is the highest common factor of 9 and b?
9
Suppose 36*c - 1043 - 1477 = 0. What is the greatest common factor of 3430 and c?
70
Suppose -9 = -u + 10*u. Let a be u*(-6)/(-6)*-45. Calculate the greatest common divisor of a and 45.
45
Let r(s) = s**3 - 9*s**2 + 4*s. Let j be r(9). What is the greatest common factor of 3438 and j?
18
Let c be 165 + 1 - -15*(-40)/150. What is the greatest common divisor of 1026 and c?
54
Suppose -5*y - 28*y - y = -442. Let r(q) = q**2 + 3*q + 3. Let f be r(-2). Calculate the highest common divisor of f and y.
1
Let j be ((-810)/(-2))/(-6 - -9 - 4). Let l = -356 - j. What is the highest common factor of 28 and l?
7
Let m = -6334 + 6444. What is the highest common divisor of 1490 and m?
10
Let q = -4593 + 8467. Let w be (-2)/(-4) + q/52. What is the highest common factor of 30 and w?
15
Let m(u) = 2*u + 32. Let p = 19 + -33. Let y be m(p). Suppose y*d - 40 - 604 = 0. Calculate the greatest common factor of d and 23.
23
Suppose y = -2 + 3. Let b be (-6 + (-56)/(-8))/(y/27). Let k(v) = 3*v**2 - 4*v - 3. Let i be k(6). Calculate the greatest common divisor of i and b.
27
Let t(h) = -h**3 + 7*h**2 - 6*h + 8. Let m be t(6). Let u = 202 + -127. Let o be u/20 - 8/(-32). Calculate the highest common divisor of m and o.
4
Suppose -1873*q - 2600 = -1886*q. What is the highest common divisor of 280 and q?
40
Let f be (1 - -14 - -40173) + -3 + 5 + 2. Calculate the greatest common factor of 256 and f.
256
Let u(x) = -204*x + 13784. Let b be u(62). Calculate the greatest common divisor of b and 96.
16
Let m(b) = b**3 - 6*b**2 + 22*b - 41. Let c be ((-3)/(-12))/((-13)/(-468)). Let a be m(c). Calculate the greatest common divisor of 50 and a.
50
Let p be 3/(10/(460/3)). Let f be 15/90 + p/(-12)*-1. Suppose -w + 4*w = -y + 4, y - w - 4 = 0. Calculate the greatest common divisor of f and y.
4
Let i be ((-78)/(-195))/(1/205). Calculate the highest common factor of 7298 and i.
82
Suppose 0 = 908*b - 890*b - 216. Calculate the greatest common factor of b and 2808.
12
Let h(s) be the first derivative of -2*s**3/3 - 13*s**2 + 4*s + 55. Let j be h(-13). What is the greatest common divisor of 1 and j?
1
Let k = 13 + -13. Suppose k*i + 4*i + 63 = 5*g, 4*g - 2*i = 48. Suppose -42*x = 277 - 5359. Calculate the highest common factor of x and g.
11
Let a = 20674 - 20294. Calculate the greatest common divisor of a and 620.
20
Suppose 4*s = -2*i + 8*s + 74, s + 1 = 0. Let j(l) = -l**2 + 229*l + 30390. Let d be j(-94). What is the highest common factor of i and d?
7
Let v(g) = -26*g - 780. Let n be v(-36). Calculate the greatest common factor of n and 156.
156
Suppose 0*y - y - 5*n = 23, -5*y = 3*n + 137. Let q = y + 13. Let r = q - -111. Calculate the highest common factor of 16 and r.
16
Suppose 4*v = 2*q + 35512, 12*v - 9*v + 2*q = 26634. Calculate the highest common divisor of 138 and v.
46
Suppose 0 = -4*f - 5*w + 9891, -6*f - 2*w - 12405